ue
Is 287789 a composite number?
False
Is 393847 a composite number?
False
Is 2561 prime?
False
Is 1474397 prime?
True
Is 42797 composite?
False
Is 260137 composite?
False
Is 13747 prime?
False
Is 244733 a prime number?
True
Is 16843 composite?
False
Is 105817 a composite number?
False
Is 12659 a prime number?
True
Is 1709 a composite number?
False
Is 3079 composite?
False
Is 409099 prime?
True
Is 34403 a composite number?
False
Is 19661 a prime number?
True
Is 4171 prime?
False
Is 50707 a composite number?
False
Is 106349 a prime number?
True
Is 608581 a composite number?
False
Is 204937 composite?
True
Is 107581 composite?
False
Is 779 composite?
True
Is 1543 a composite number?
False
Is 60833 prime?
False
Is 10841 a composite number?
True
Is 16811 prime?
True
Is 16979 a prime number?
True
Is 51637 prime?
True
Is 49571 composite?
True
Is 4391 prime?
True
Is 335417 prime?
True
Is 105359 composite?
False
Is 911 a prime number?
True
Is 506885 a prime number?
False
Is 7223 a prime number?
False
Is 264433 prime?
False
Is 347455 a prime number?
False
Is 102743 a composite number?
True
Is 2291019 composite?
True
Is 208907 a composite number?
False
Is 41703 prime?
False
Is 177277 a composite number?
True
Is 34737 a composite number?
True
Is 2423 prime?
True
Is 107507 a prime number?
True
Is 23783 a composite number?
True
Is 2221 a composite number?
False
Is 167074 prime?
False
Is 5049659 a prime number?
True
Is 1077 composite?
True
Is 4429345 a prime number?
False
Is 58477 a prime number?
True
Is 504019 prime?
False
Is 108467 a composite number?
True
Is 27187 prime?
False
Is 65761 composite?
False
Is 19367 prime?
False
Is 244997 prime?
True
Is 2147 a prime number?
False
Is 13890553 a composite number?
False
Is 101081 a composite number?
False
Is 1775161 a prime number?
False
Is 168523 composite?
False
Is 20437 composite?
True
Is 7193 a composite number?
False
Is 1771327 prime?
True
Is 5989 composite?
True
Is 119489 a composite number?
False
Is 145378 a prime number?
False
Is 4091 a prime number?
True
Is 231643 a composite number?
False
Is 57347 a prime number?
True
Is 947239 a prime number?
True
Is 4539031 prime?
False
Is 22679 a prime number?
True
Is 154439 a prime number?
True
Is 12515 a prime number?
False
Is 28133 composite?
True
Is 27059 a prime number?
True
Is 16609 a composite number?
True
Is 35491 a composite number?
False
Is 452201 a composite number?
False
Is 5615 a composite number?
True
Is 13781 composite?
False
Is 153327 a composite number?
True
Is 1678181 composite?
False
Is 4843 composite?
True
Is 4645 a prime number?
False
Is 15685 a prime number?
False
Is 23663 a composite number?
False
Is 1769 composite?
True
Is 14677 a composite number?
True
Is 15557 composite?
True
Is 95591 prime?
False
Is 1572739 a prime number?
False
Is 55031 a composite number?
True
Is 909521 composite?
False
Is 743569 a composite number?
True
Is 42989 composite?
False
Is 32489 a composite number?
True
Is 685 composite?
True
Is 59809 prime?
True
Is 151777 a composite number?
True
Is 146581 a prime number?
True
Is 585493 prime?
True
Is 90791 a composite number?
True
Is 14203 prime?
False
Is 13901 a composite number?
False
Is 124169 composite?
True
Is 396833 prime?
True
Is 1221811 composite?
False
Is 1530071 a prime number?
True
Is 164258 a prime number?
False
Is 432227 prime?
True
Is 23263 a prime number?
False
Is 150779 prime?
True
Is 18527 a composite number?
True
Is 611707 a prime number?
True
Is 832911 prime?
False
Is 12091 composite?
True
Is 170953 composite?
False
Is 124327 a prime number?
False
Is 44413 a prime number?
False
Is 42923 a prime number?
True
Is 95163 composite?
True
Is 105373 prime?
True
Is 585511 prime?
False
Is 660839 composite?
True
Is 112481 a composite number?
False
Is 138349 prime?
True
Is 24239 composite?
False
Is 683119 a composite number?
False
Is 188107 a composite number?
False
Is 7262 composite?
True
Is 769 prime?
True
Is 263639 composite?
True
Is 43379 a composite number?
True
Is 411541 a composite number?
True
Is 8641 a composite number?
False
Is 97683 composite?
True
Is 28801 a composite number?
True
Is 4049 a prime number?
True
Is 726331 a prime number?
True
Is 6947 composite?
False
Is 3163 prime?
True
Is 229715 a composite number?
True
Is 2333 a prime number?
True
Is 1379291 composite?
False
Is 20471 composite?
True
Is 360123 prime?
False
Is 1731533 a composite number?
True
Is 337583 prime?
True
Is 1411885 a composite number?
True
Is 14101 prime?
False
Is 4643 a composite number?
False
Is 467399 composite?
False
Is 341857 composite?
True
Is 5179 prime?
True
Is 39838 a composite number?
True
Is 29071 composite?
True
Is 65497 a composite number?
False
Is 356989 composite?
False
Is 1499 a prime number?
True
Is 3141601 composite?
False
Is 2761 prime?
False
Is 57119 a composite number?
False
Is 1609171 a prime number?
False
Is 506281 a prime number?
True
Is 8507 composite?
True
Is 777641 composite?
False
Is 2130081 prime?
False
Is 81439 a composite number?
False
Is 11351 a prime number?
True
Is 101681 a composite number?
False
Is 4642503 prime?
False
Is 13567 composite?
False
Is 43297 a prime number?
False
Is 1006079 a composite number?
True
Is 56138 a composite number?
True
Is 92915 a composite number?
True
Is 306959 composite?
True
Is 146105 a prime number?
False
Is 2498 prime?
False
Is 254489 composite?
False
Is 1693 composite?
False
Is 849161 prime?
True
Is 8513 a prime number?
True
Is 335377 composite?
True
Is 710615 a prime number?
False
Is 93914 composite?
True
Is 215123 a composite number?
False
Is 349663 a composite number?
False
Is 12367 composite?
True
Is 91313 a composite number?
True
Is 46261 composite?
False
Is 47639 prime?
True
Is 4507 a prime number?
True
Is 229541 a prime number?
False
Is 13159 composite?
False
Is 35681 a composite number?
True
Is 387197 composite?
False
Is 6883 a composite number?
False
Is 10849 prime?
False
Is 2183 a prime number?
False
Is 58543 composite?
False
Is 248861 a prime number?
True
Is 394313 composite?
True
Is 3109 prime?
True
Is 21041 a prime number?
False
Is 510319 a prime number?
True
Is 526117 prime?
True
Is 255005 prime?
False
Is 14351 composite?
True
Is 6347 a composite number?
True
Is 318277 prime?
False
Is 1089917 a prime number?
True
Is 51761 a prime number?
False
Is 67103 a prime number?
True
Is 7729 a composite number?
True
Is 1719703 a prime number?
False
Is 10477 composite?
False
Is 9239 prime?
True
Is 27941 a composite number?
False
Is 83177 a composite number?
False
Is 79181 a composite number?
False
Is 170383 prime?
True
Is 3475843 a composite number?
True
Is 58591 a composite number?
True
Is 755959 prime?
True
Is 87059 a composite number?
True
Is 356491 a composite number?
True
Is 272661 a composite number?
True
Is 648563 prime?
True
Is 66881 prime?
False
Is 218753 a composite number?
True
Is 6733 prime?
True
Is 50671 a prime number?
True
Is 1639765 prime?
False
Is 1817 a composite number?
True
Is 19903 a composite number?
True
Is 877 a composite number?
False
Is 121157 composite?
False
Is 180961 a prime number?
False
Is 4751 a composite number?
False
Is 2669 a prime number?
False
Is 26357 prime?
True
Is 44351 composite?
False
Is 9733 a composite number?
False
Is 112391 a prime number?
False
Is 120121 a prime number?
True
Is 485201 composite?
False
Is 150181 a composite number?
True
Is 11185 prime?
False
Is 5167 a composite number?
False
Is 777167 prime?
True
Is 27581 a composite number?
False
Is 662 prime?
False
Is 16557 a composite number?
True
Is 152287 a composite number?
False
Is 7741 prime?
True
Is 942413 composite?
True
Is 33889 a prime number?
True
Is 692141 a prime number?
True
Is 26615 a composite number?
True
Is 116777 a prime number?
False
Is 6163 composite?
False
Is 88771 a composite number?
False
Is 202277 prime?
True
Is 1944673 composite?
True
Is 620605 a prime number?
False
Is 979313 prime?
True
Is 48941 a prime number?
False
Is 407143 a composite number?
True
Is 756939 a composite number?
True
Is 41843 prime?
True
Is 307 composite?
False
Is 2501 a prime number?
False
Is 3571 prime?
True
Is 15403 prime?
False
Is 25723 composite?
True
Is 220279 composite?
False
Is 153367 composite?
True
Is 26473 composite?
True
Is 97741 a prime number?
False
Is 13